ase 16, what is -2 + b34420?
b3441e
In base 3, what is -1220110000101102 + 21?
-1220110000101011
In base 8, what is -521 - -562277?
561556
In base 7, what is 10 + 100665115?
100665125
In base 8, what is -4703 + 470727?
464024
In base 7, what is 460040450 - 2?
460040445
In base 14, what is 32ac + -61d1?
-2d23
In base 4, what is 1220313310 - 31011?
1220222233
In base 3, what is -20102 + 21121210?
21101101
In base 4, what is 302332331130010 + -1?
302332331130003
In base 14, what is 95 - -261c?
26b3
In base 2, what is -1101000000100100011 - 10100000?
-1101000000111000011
In base 5, what is 0 + -133031243112?
-133031243112
In base 14, what is -338d94 + -3?
-338d97
In base 3, what is 120222022020 - 1?
120222022012
In base 13, what is -25374 + -304?
-25678
In base 12, what is -1a97b - -86?
-1a8b5
In base 8, what is -1 + 1334137?
1334136
In base 9, what is 78783 + -2786?
75886
In base 3, what is -11012 - 100010200110?
-100010211122
In base 5, what is 4 + -13423110442?
-13423110433
In base 12, what is -43180 + 7?
-43175
In base 5, what is 1 - 332043010?
-332043004
In base 16, what is 85d + 13ae7?
14344
In base 8, what is 31 + 36477476?
36477527
In base 9, what is -3 + 476558?
476555
In base 2, what is -101011000110 + -100101011000?
-1010000011110
In base 5, what is -4120 - -1023212?
1014042
In base 10, what is 5 + -30435844?
-30435839
In base 4, what is -232221210223011 + -2?
-232221210223013
In base 3, what is -101112210012111 - 22?
-101112210012210
In base 8, what is -16434 - 437?
-17073
In base 11, what is -211 - 395732?
-395943
In base 15, what is 1e49e20a + 0?
1e49e20a
In base 2, what is 1111011100100110 + -100000010?
1111011000100100
In base 16, what is -5 - -24249b?
242496
In base 15, what is -3061ad - -3?
-3061aa
In base 7, what is 42360 + 66463?
142153
In base 15, what is -95 + -dbab?
-dc51
In base 13, what is aa + -1375c1?
-137514
In base 5, what is 2030214332 + -1?
2030214331
In base 14, what is -4 + -c61909?
-c6190d
In base 14, what is 2686d - 10d?
26760
In base 11, what is -2712 + -113a?
-3851
In base 16, what is -176c - -c3f?
-b2d
In base 5, what is -11310 + -40100101?
-40111411
In base 4, what is -31112022133113 - 11?
-31112022133130
In base 12, what is 697 - -688a?
7365
In base 6, what is -2102 - 11411405?
-11413511
In base 12, what is -5 - -2bb1b?
2bb16
In base 9, what is 1203 - -11303?
12506
In base 9, what is 3435863 + 402?
3436365
In base 12, what is 299 + 213816?
213ab3
In base 14, what is 5b06 + -d81?
4b65
In base 15, what is 54b1ac + 5?
54b1b2
In base 6, what is -303 - 2331011?
-2331314
In base 2, what is -100011111010101000101 + -1?
-100011111010101000110
In base 16, what is -1afb - 78e?
-2289
In base 15, what is -1148 - ec1c?
-10d65
In base 6, what is -5 + 1155250022?
1155250013
In base 15, what is -2 + -6e5670?
-6e5672
In base 12, what is -120068 + 188?
-11baa0
In base 11, what is -10078 + -888?
-10955
In base 9, what is -336 + 14375?
14038
In base 8, what is 2137575 + 760?
2140555
In base 16, what is -38c52 + -ba?
-38d0c
In base 16, what is 1 - -10c7e1?
10c7e2
In base 6, what is 4 + 12331443000?
12331443004
In base 7, what is -511 - 120043?
-120554
In base 13, what is 9 + -39aa02?
-39a9c6
In base 5, what is -14 - 10014214?
-10014233
In base 15, what is -1c4 - 29ca?
-2b9e
In base 5, what is 104 + 31141140?
31141244
In base 12, what is -9b00 - -13a?
-9982
In base 5, what is 344 + -400244213?
-400243314
In base 4, what is 2022111 - 120110?
1302001
In base 5, what is -2 + -4021400112?
-4021400114
In base 4, what is 121 - 2031013001?
-2031012220
In base 16, what is -d1456 + -2?
-d1458
In base 10, what is 1517 + 254903?
256420
In base 3, what is 11022220111 + -2102102?
11020111002
In base 15, what is 1074ca5 - 3?
1074ca2
In base 13, what is -13 - 46635?
-46648
In base 13, what is -54c + 1786a?
1731b
In base 4, what is -311113210120 + -10?
-311113210130
In base 6, what is -3335111023 - 4?
-3335111031
In base 5, what is 0 + 113104410400?
113104410400
In base 14, what is -25972 - -2?
-25970
In base 15, what is 2 - -149a5?
149a7
In base 10, what is 831538 + -4?
831534
In base 13, what is 1124a4 + -1b?
112486
In base 2, what is -1101010111101001 + 1011010111?
-1101001100010010
In base 16, what is -109 + -32f9?
-3402
In base 6, what is -2043022 + -3450?
-2050512
In base 3, what is 101022 + 121120111022?
121120212121
In base 10, what is -4766 + 10330?
5564
In base 7, what is 254045243 + 5?
254045251
In base 12, what is 2b - -133766?
133795
In base 2, what is 1111011 + 11101110000?
11111101011
In base 8, what is -650775757 - -3?
-650775754
In base 3, what is 212210220200212102 - -12?
212210220200212121
In base 11, what is -4 + 85a009?
85a005
In base 4, what is -10010201010 + 13013?
-10010121331
In base 8, what is -217536 + -67?
-217625
In base 14, what is -5 - 16405cb0?
-16405cb5
In base 14, what is -161d5 + 176?
-1605d
In base 13, what is -406464b4 + -4?
-406464b8
In base 15, what is -3 + b10781?
b1077d
In base 5, what is -420 + -2413433?
-2414403
In base 9, what is 6 - -200765?
200772
In base 15, what is 6a4d - 1a9?
6894
In base 2, what is -1110010100011 - -10010111101100?
100101001001
In base 11, what is 222475 + -218?
222258
In base 4, what is 2 - 1311232211132?
-1311232211130
In base 8, what is 62 + 2071341?
2071423
In base 14, what is -5419d + 1716?
-52887
In base 9, what is -4 - 260843272?
-260843276
In base 15, what is -28da50 - 7?
-28da57
In base 16, what is -29b8 + 1b61?
-e57
In base 2, what is 100001110100001 - -1000101100011?
101010100000100
In base 8, what is -1343 + -15541?
-17104
In base 2, what is 101111 - 11100011010100101010?
-11100011010011111011
In base 6, what is 5401 - 1355414?
-1350013
In base 10, what is -40349 + 518?
-39831
In base 4, what is 22 - -300101330113?
300101330201
In base 3, what is 221210020111 + 112?
221210021000
In base 5, what is -1 + 340432340?
340432334
In base 12, what is 1 - 2618399?
-2618398
In base 6, what is 44 - -104241330?
104241414
In base 2, what is -10 + 11010100101111001110001?
11010100101111001101111
In base 14, what is -779 + 2892?
2117
In base 8, what is -35 + 2554774?
2554737
In base 10, what is -9604 + 858?
-8746
In base 16, what is 2e - -28eb3e?
28eb6c
In base 3, what is 1111 - 2002012220110?
-2002012211222
In base 8, what is -600243 + -1456?
-601721
In base 7, what is -23 - 23442443?
-23442466
In base 2, what is 1000 + 1000011100000100101?
1000011100000101101
In base 12, what is -203213aa + 4?
-203213a6
In base 12, what is 59b - -b113?
b6b2
In base 15, what is -eeb39 + 520?
-ee619
In base 12, what is -101 - -17a72?
17971
In base 9, what is -707188 + 2?
-707186
In base 13, what is -4 + 63a5273?
63a526c
In base 10, what is 4361 + 563?
4924
In base 12, what is -a - -1b9813?
1b9805
In base 3, what is -110001 + 1102202112?
1102022111
In base 9, what is -2 - -70011516?
70011514
In base 9, what is 120747232 - -5?
120747237
In base 2, what is 11 - 110010001011100110011010?
-110010001011100110010111
In base 2, what is 1010101010011000101000 - -1001111?
1010101010011001110111
In base 8, what is 745 + 61704?
62651
In base 8, what is 41 + -134672771?
-134672730
In base 15, what is -5 - 38637d?
-386383
In base 4, what is -233232020 + -100?
-233232120
In base 13, what is 29bbc61 - -4?
29bbc65
In base 14, what is 2ad + -44044?
-43b75
In base 2, what is 11100101111011010011110 + 11?
11100101111011010100001
In base 7, what is -53660465 + 4?
-53660461
In base 16, what is -7cef99 - 2?
-7cef9b
In base 8, what is 305461647 - -3?
305461652
In base 15, what is -35 - -35846a?
358435
In base 7, what is -1453016 - -143?
-1452543
In base 15, what is 12a2 - 1bc?
10d5
In base 6, what is 42244 + -22242?
20002
In base 8, what is -5 - -4124100?
4124073
In base 9, what is -1060 - -52216?
51146
In base 16, what is 1d - -2ced1?
2ceee
In base 5, what is -234 + -112304324?
-112310113
In base 4, what is 303 + -11210100?
-11203131
In base 3, what is -1212212111 - 11211010?
-2001200121
In base 14, what is 5b6 + -1a4c7?
-19d11
In base 2, what is -1100001101111000001010 + 0?
-1100001101111000001010
In base 4, what is 221 - -20200321213?
20200322100
In base 7, what is 5 - 24432660?
-24432652
In base 13, what is 562b80 - -7?
562b87
In base 5, what is -120 + -1303114142?
-1303114312
In base 5, what is 2012303120 + -4?
2